?
2, 3, 7, 17, 131
What are the prime factors of 25253625?
3, 5, 67343
List the prime factors of 1050862.
2, 525431
List the prime factors of 1336346.
2, 11, 19, 23, 139
List the prime factors of 9212411.
13, 708647
List the prime factors of 33749560.
2, 5, 13, 41, 1583
What are the prime factors of 9426149?
887, 10627
List the prime factors of 149234.
2, 29, 31, 83
What are the prime factors of 98398?
2, 49199
What are the prime factors of 3161000?
2, 5, 29, 109
List the prime factors of 70688.
2, 47
List the prime factors of 2234872.
2, 257, 1087
What are the prime factors of 2848444?
2, 829, 859
What are the prime factors of 1194973?
13, 91921
List the prime factors of 158581.
158581
What are the prime factors of 127187?
193, 659
What are the prime factors of 3318356?
2, 317, 2617
What are the prime factors of 1153212?
2, 3, 17, 5653
List the prime factors of 708584.
2, 23, 3851
List the prime factors of 141323.
7, 13, 1553
List the prime factors of 3445669.
19, 151, 1201
What are the prime factors of 2767864?
2, 11, 71, 443
List the prime factors of 40504.
2, 61, 83
What are the prime factors of 774682?
2, 387341
List the prime factors of 314203.
19, 23, 719
What are the prime factors of 917809?
917809
List the prime factors of 6568013.
109, 60257
What are the prime factors of 2386016?
2, 173, 431
What are the prime factors of 4703?
4703
List the prime factors of 561835.
5, 313, 359
What are the prime factors of 1098254?
2, 449, 1223
What are the prime factors of 1354374?
2, 3, 7, 3583
List the prime factors of 20613902.
2, 577, 17863
List the prime factors of 1169918.
2, 23, 29, 877
What are the prime factors of 315934?
2, 47, 3361
List the prime factors of 201892.
2, 17, 2969
What are the prime factors of 4013490?
2, 3, 5, 13, 41, 251
List the prime factors of 13400100.
2, 3, 5, 7, 709
What are the prime factors of 40491031?
7, 2311, 2503
What are the prime factors of 389507?
389507
List the prime factors of 59429.
67, 887
What are the prime factors of 180115?
5, 13, 17, 163
List the prime factors of 5110001.
13, 393077
List the prime factors of 7844602.
2, 1033, 3797
What are the prime factors of 638562?
2, 3, 106427
List the prime factors of 706803.
3, 235601
List the prime factors of 266723.
109, 2447
List the prime factors of 209740.
2, 5, 10487
List the prime factors of 591828.
2, 3, 149, 331
List the prime factors of 554061.
3, 184687
What are the prime factors of 27952699?
463, 60373
List the prime factors of 1833899.
19, 263, 367
List the prime factors of 12551596.
2, 3137899
What are the prime factors of 12128430?
2, 3, 5, 109, 3709
List the prime factors of 352208.
2, 22013
What are the prime factors of 8750699?
17, 514747
What are the prime factors of 84876?
2, 3, 11, 643
What are the prime factors of 1362107?
47, 73, 397
List the prime factors of 210118.
2, 31, 3389
What are the prime factors of 336486?
2, 3, 56081
List the prime factors of 1380099.
3, 7, 65719
What are the prime factors of 4594871?
23, 199777
What are the prime factors of 4457596?
2, 11, 13, 7793
What are the prime factors of 5092016?
2, 23, 101, 137
List the prime factors of 2619722.
2, 7, 187123
List the prime factors of 1358967.
3, 452989
What are the prime factors of 4329792?
2, 3, 7517
What are the prime factors of 470863?
470863
What are the prime factors of 867278?
2, 433639
List the prime factors of 704167.
107, 6581
What are the prime factors of 197949?
3, 65983
List the prime factors of 368533.
11, 33503
List the prime factors of 1506087.
3, 11, 461
What are the prime factors of 180592?
2, 11287
List the prime factors of 550395.
3, 5, 151
What are the prime factors of 2118791?
2118791
What are the prime factors of 6170416?
2, 7, 37, 1489
What are the prime factors of 642887?
7, 91841
List the prime factors of 206288.
2, 12893
What are the prime factors of 166822?
2, 239, 349
What are the prime factors of 10597?
10597
List the prime factors of 7197507.
3, 799723
What are the prime factors of 9779264?
2, 11, 29, 479
List the prime factors of 189428.
2, 23, 29, 71
List the prime factors of 470212.
2, 19, 23, 269
List the prime factors of 1246396.
2, 463, 673
List the prime factors of 1488347.
7, 89, 2389
List the prime factors of 207073.
207073
What are the prime factors of 781534?
2, 13, 30059
List the prime factors of 12768783.
3, 4256261
List the prime factors of 7157517.
3, 463, 5153
What are the prime factors of 660896?
2, 19, 1087
What are the prime factors of 26904632?
2, 149, 22571
List the prime factors of 341482.
2, 170741
What are the prime factors of 74730?
2, 3, 5, 47, 53
What are the prime factors of 404011?
404011
List the prime factors of 9182623.
37, 248179
List the prime factors of 2332530.
2, 3, 5, 53, 163
List the prime factors of 6229945.
5, 229, 5441
List the prime factors of 762255.
3, 5, 13, 1303
List the prime factors of 64418.
2, 31, 1039
What are the prime factors of 22153147?
22153147
List the prime factors of 13580.
2, 5, 7, 97
What are the prime factors of 978486?
2, 3, 17, 53, 181
What are the prime factors of 53838?
2, 3, 997
What are the prime factors of 20632131?
3, 13, 43, 1367
What are the prime factors of 1272973?
13, 181, 541
What are the prime factors of 12661189?
47, 269387
List the prime factors of 898222.
2, 13, 179, 193
List the prime factors of 627538.
2, 17, 18457
List the prime factors of 5065045.
5, 1013009
List the prime factors of 4597881.
3, 1532627
List the prime factors of 11379172.
2, 7, 58057
What are the prime factors of 2545627?
7, 31, 11731
List the prime factors of 594892.
2, 148723
What are the prime factors of 1352230?
2, 5, 11, 19, 647
List the prime factors of 1266706.
2, 7, 173, 523
List the prime factors of 387182.
2, 19, 23, 443
List the prime factors of 715968.
2, 3, 11, 113
List the prime factors of 126167.
71, 1777
What are the prime factors of 22813191?
3, 197, 4289
List the prime factors of 518575.
5, 20743
What are the prime factors of 6570630?
2, 3, 5, 11, 6637
What are the prime factors of 1021052?
2, 37, 6899
What are the prime factors of 511459?
13, 39343
What are the prime factors of 250734?
2, 3, 11, 29, 131
List the prime factors of 1079266.
2, 539633
What are the prime factors of 18986558?
2, 269, 35291
List the prime factors of 122723.
17, 7219
What are the prime factors of 201662?
2, 59, 1709
What are the prime factors of 17442?
2, 3, 17, 19
List the prime factors of 5819163.
3, 7, 487, 569
What are the prime factors of 2542625?
5, 20341
List the prime factors of 407331.
3, 45259
What are the prime factors of 416108?
2, 7, 11, 193
List the prime factors of 3819768.
2, 3, 159157
What are the prime factors of 31504?
2, 11, 179
What are the prime factors of 4392504?
2, 3, 61007
What are the prime factors of 1002216?
2, 3, 41759
List the prime factors of 8532613.
1889, 4517
List the prime factors of 5298874.
2, 7, 47, 8053
List the prime factors of 2906334.
2, 3, 107, 503
What are the prime factors of 2573015?
5, 47, 10949
What are the prime factors of 1979534?
2, 19, 113, 461
List the prime factors of 20544013.
7, 2934859
List the prime factors of 211896.
2, 3, 109
What are the prime factors of 545181?
3, 7, 13, 1997
What are the prime factors of 1832269?
337, 5437
List the prime factors of 669837.
3, 7, 167, 191
What are the prime factors of 2179486?
2, 31, 35153
What are the prime factors of 2797?
2797
What are the prime factors of 412002?
2, 3, 47, 487
What are the prime factors of 10704497?
241, 44417
List the prime factors of 393855.
3, 5, 7, 11, 31
What are the prime factors of 3879423?
3, 431047
List the prime factors of 12154304.
2, 23, 359
List the prime factors of 744971.
19, 39209
What are the prime factors of 363882?
2, 3, 60647
What are the prime factors of 371149?
211, 1759
What are the prime factors of 1109601?
3, 123289
List the prime factors of 2948867.
53, 55639
What are the prime factors of 422504?
2, 52813
What are the prime factors of 257582?
2, 13, 9907
What are the prime factors of 101908?
2, 73, 349
What are the prime factors of 296356?
2, 43, 1723
What are the prime factors of 13955983?
31, 450193
List the prime factors of 26698841.
13, 2053757
List the prime factors of 172794.
2, 3, 31, 929
What are the prime factors of 345752?
2, 11, 3929
What